x**3 + x + 1. Let k be d(-1). Suppose -5 - 15 = -k*b. Let i = 223 - 143. What is the greatest common factor of b and i?
10
Suppose -3*y + t = -5, -y - 1 = 2*t + 2. Let j = -10 + 21. Calculate the highest common factor of y and j.
1
Suppose -20 = 3*u + 3*q - 7*q, 2*q = -5*u - 42. Let j be (-3)/(-6)*u/2. Let o = 3 + j. What is the greatest common divisor of 11 and o?
1
Let s(d) = 4*d**2 - 3*d. Let t be s(2). Let n = 19 - t. Let j be (0 - (-4)/(-2)) + n. What is the highest common divisor of 21 and j?
7
Suppose 0 = 5*g - g - 136. What is the highest common divisor of g and 85?
17
Suppose -4*l + 198 = 5*p - 0*l, l = 2. Let a(g) = 4*g**2 - 2*g - 1. Let y be a(-2). What is the greatest common divisor of y and p?
19
Let q(y) be the third derivative of y**6/120 + y**5/12 - y**4/12 + y**3/3 + 5*y**2. Let z be q(-5). Calculate the highest common factor of 48 and z.
12
Suppose -q = -8*q + 105. What is the greatest common divisor of q and 165?
15
Suppose -2*n - 5 = -c, -4*c + 26 = 2*n - 4*n. Let l be -10*(16 - 2)/(-2). Suppose 0 = -4*z + 2*z + l. What is the highest common divisor of c and z?
7
Let i be 45/(-10)*(-4)/3. Let h(s) = s**3 - 5*s**2 - 4*s - 4. Let m be h(i). What is the greatest common factor of 2 and m?
2
Suppose -31 = -3*b + 4*r - 6, 2*b = 4*r + 22. Suppose -5*h = b*x + 11, -5*x = h - 16 + 5. What is the highest common divisor of x and 18?
3
Let w = -5 - -12. Calculate the highest common divisor of 70 and w.
7
Let m(u) = 2*u**2 - 9*u - 3. Let g be m(-4). Calculate the highest common divisor of 26 and g.
13
Suppose -95 = -5*f - i, 75 = 4*f - 4*i - 25. What is the greatest common divisor of 140 and f?
20
Let q be 6/(-15) + 6111/15. Calculate the greatest common divisor of 37 and q.
37
Let v(r) = -r**3 - 19*r**2 - 34*r + 18. Let t be v(-17). Calculate the highest common factor of 27 and t.
9
Suppose -5*s + o = -4*o - 435, o + 2 = 0. Let b = -36 + s. Calculate the greatest common factor of b and 7.
7
Suppose 2*d = 5*d - 12. Suppose -12 = 3*z, d*t - z = -5*z + 656. Calculate the greatest common factor of 21 and t.
21
Let r(b) = 3*b**2 - 5*b + 2. Let z be r(-5). Suppose -10 - z = -4*l. Let v be ((-6)/8)/((-84)/784). Calculate the greatest common factor of l and v.
7
Let u(g) = 55*g + 1. Let t be u(1). Let f(o) = -o. Let n be 39/(-5) - (-3)/(-15). Let y be f(n). What is the greatest common divisor of y and t?
8
Let a(i) = 2*i**2 - 3*i - 3. Let r be a(-2). Let q(j) = 3 + 10 - 5 - j. Let m be q(7). Calculate the highest common factor of m and r.
1
Suppose -8*n + 251 = -101. Let v(l) = -3*l + 4. Let s be v(-6). Calculate the highest common divisor of n and s.
22
Let j be -3 + (-68)/(-2) + 2. Let m = 53 - j. What is the highest common divisor of m and 10?
10
Let o be (-447)/(-5) + 9/15. Let j be (-2 - -3)/(3/o). Calculate the highest common factor of j and 10.
10
Suppose s + 72 = 3*s. Calculate the greatest common factor of s and 12.
12
Let f be (-784)/44 - 4/22. Let j = 20 + f. What is the greatest common factor of j and 22?
2
Let j be 2*3/(-6)*3. Let b = 1 - j. Let t be (-2)/(-4)*-2 + 5. Calculate the highest common factor of b and t.
4
Suppose -2*x + 321 = 3*i, -4*x - 2*i + 660 = 38. Calculate the greatest common divisor of x and 17.
17
Let l = 1 - -5. Let a = -2 + 4. What is the greatest common factor of l and a?
2
Let p = 10 - 13. Let n(x) = -20*x + 3. Let b be n(p). Calculate the highest common factor of b and 7.
7
Let f be (-1)/1 - (2 + 1). Suppose 3 = w + 2. Let c be w/2 + (-2)/f. What is the greatest common divisor of 3 and c?
1
Let z(d) = -12*d**3 + 2*d**2 - 4*d - 4. Let s be z(-3). Suppose 0*x + 2*r = -4*x + s, -4*r = -x + 110. Calculate the highest common divisor of x and 30.
30
Let r(f) = 98*f + 1. Let b be r(1). Calculate the greatest common divisor of 11 and b.
11
Let z(v) be the third derivative of 3*v**5/20 - v**3/6 + 5*v**2. Let x be z(3). Calculate the greatest common factor of x and 10.
10
Suppose 2*u - 53 = 5*n, 3*n + 0 = -u - 1. What is the highest common divisor of u and 7?
7
Let h(j) be the second derivative of j**3/6 + 2*j**2 + j. Let u be h(-4). Suppose u*s = 3*s - 27. What is the greatest common factor of 99 and s?
9
Let u = 44 + -21. Let m be ((-1265)/(-15))/(0 + 1/3). Calculate the greatest common divisor of m and u.
23
Let d = -12 + 20. Calculate the highest common factor of 16 and d.
8
Let r(y) = -15*y + 3 - 9*y - 4 + 9*y. Let v be r(-3). Let w = 21 - 10. Calculate the highest common factor of w and v.
11
Let h = -9 - -9. Suppose h = 4*c - 2*a - 156, 3*c - 5*c + 76 = -2*a. Let j = 76 - c. What is the highest common factor of 54 and j?
18
Suppose -11*x + 35 = -6*x. What is the greatest common divisor of 35 and x?
7
Suppose 18*s = 14*s + 152. Calculate the greatest common factor of s and 57.
19
Let q = 11 + -37. Let k = q - -194. Calculate the greatest common factor of k and 24.
24
Let r be (38/4)/((-3)/6). Let v = 29 + r. Calculate the highest common divisor of v and 5.
5
Let t be -9*1*(-1 - 0). Suppose -4*g + 195 = g. Let i be -2 + g + 1 + -2. Calculate the greatest common divisor of t and i.
9
Suppose -4*x + x + 15 = 0. Suppose 0 = -x*g - 5*u + 155, 0 = 2*u + 11 - 1. Calculate the greatest common divisor of g and 9.
9
Let l(h) = 2*h**2 - h - 2. Let z be l(2). Suppose z*s - 342 = 50. Calculate the greatest common divisor of 14 and s.
14
Let x be (2*(-45)/(-54))/(1/3). What is the greatest common divisor of x and 10?
5
Suppose 5*k - 23 = 4*m, 3*k + m + m - 5 = 0. What is the highest common factor of k and 9?
3
Suppose s = 5 + 12. Let o be 103/(0 - (-1)/(-2)). Let u = 359 + o. Calculate the highest common divisor of u and s.
17
Let u be ((-4)/(-7))/((-8)/(-28)). Suppose 5*z = -u*m + 18, 4*z + m = -0 + 12. What is the highest common factor of 2 and z?
2
Let w = 53 - 43. Calculate the greatest common divisor of w and 10.
10
Let w be (-12)/5*(-40)/6. Let t(r) = r**2 - 1. Let y be t(-1). Let a(p) = -p**2 + p + 176. Let h be a(y). What is the greatest common divisor of w and h?
16
Let p be (-2)/((-10)/4 + 2). Calculate the highest common divisor of 2 and p.
2
Let q(d) = 9*d - 58. Let r be q(8). Let c(p) = -42*p. Let j be c(-1). What is the highest common factor of r and j?
14
Suppose -4 = -9*v + 23. Let b(s) = -41*s - 7. Let j be b(-5). Let r be (-6)/2 + j/v. What is the greatest common divisor of 42 and r?
21
Suppose -4*f = -2*i + 28, -3*f + 30 = 3*i - 6*f. Let d = -5 + 7. Calculate the highest common divisor of i and d.
2
Let g(b) = -b - 2. Let n be g(-15). What is the highest common factor of n and 104?
13
Suppose -z + 5*z = -8. Let t be (-3)/(-3 + 0 - z). Suppose 4*k - 24 = d - 4*d, -36 = -4*d - 4*k. Calculate the highest common divisor of t and d.
3
Let h be 40*(45/18 + 6/(-4)). What is the highest common factor of 30 and h?
10
Let u be (-2)/4*220/(-2). Suppose -7 = 4*y + 13. Let r = y - -10. What is the greatest common divisor of r and u?
5
Let r be (-2)/4*(0 - 10). What is the greatest common factor of r and 45?
5
Let r = 10 + 10. Let l(d) be the first derivative of d**4/4 + 3*d**3 - 6*d**2 - 15*d - 3. Let s be l(-10). Calculate the greatest common factor of r and s.
5
Suppose -5*u - o = -1488, 0 = -2*u + 3*o + 316 + 269. Suppose 3*m - u = -0*m. Suppose i + 3*i - 44 = 0. Calculate the highest common divisor of m and i.
11
Let x be 1208/20 - 2/5. Calculate the highest common factor of 40 and x.
20
Suppose 2*n - 3*n + i + 5 = 0, 0 = -n - 2*i - 1. Calculate the greatest common divisor of n and 3.
3
Let q = -43 + 57. Calculate the greatest common factor of 63 and q.
7
Let f = 328 - 174. Let t = -20 - -34. What is the highest common factor of f and t?
14
Suppose 3*y = -2*y - 55. Let a be y/(1/(-3 - 2)). What is the greatest common divisor of 22 and a?
11
Let r = 65 + -33. What is the highest common divisor of 48 and r?
16
Let q(d) = -d**2 - 7*d - 3. Let u be q(-6). Suppose u*x = 66 + 96. Suppose h - 2*g = 3*g + 18, -5*h = 3*g - 90. What is the greatest common factor of x and h?
18
Let m = 23 + -13. Let r(p) = p + 14. Let a be r(-11). Suppose t + t = -5*g + 20, -2*t + 24 = a*g. Calculate the greatest common divisor of t and m.
5
Suppose 3*v - 16 = 11. Calculate the highest common divisor of v and 81.
9
Let n be (2 - -1)/((-50)/28 - -2). What is the highest common factor of 28 and n?
14
Suppose -2*x - 20 = -46. Calculate th